{"id":25,"date":"2026-01-16T09:48:33","date_gmt":"2026-01-16T09:48:33","guid":{"rendered":"https:\/\/rothgartenbau.de\/wordpress\/?page_id=25"},"modified":"2026-01-16T09:48:54","modified_gmt":"2026-01-16T09:48:54","slug":"datenschutzerklaerung","status":"publish","type":"page","link":"https:\/\/rothgartenbau.de\/index.php\/datenschutzerklaerung\/","title":{"rendered":"Datenschutzerkl\u00e4rung"},"content":{"rendered":"\n<p>Datenschutzerkl\u00e4rung Roth Garten- und Landschaftsbau<\/p>\n\n\n\n<p>Es&nbsp; gelten europaweit die Vorgaben der EU-Datenschutz-Grundverordnung (im Folgenden DSGVO). Wir m\u00f6chten Sie \u00fcber die durch<br>unser Unternehmen durchgef\u00fchrte Verarbeitung personenbezogener Daten nach Ma\u00dfgabe dieser Verordnung (vergleiche Artikel 13 und 14 DSGVO) informieren. Sollten Sie Fragen oder Anmerkungen zu dieser Datenschutzerkl\u00e4rung haben, k\u00f6nnen Sie diese jederzeit an die unter Ziffer 2 bzw. 3 angegebene Email-Adresse richten.<\/p>\n\n\n\n<p>1. Geltungsbereich und verantwortliche Stelle<br>Diese Datenschutzerkl\u00e4rung gilt f\u00fcr folgende Angebote: www.rothgartenbau.de<br>Verantwortlicher f\u00fcr die Datenverarbeitung\u2013 also derjenige, der \u00fcber die Zwecke und Mittel der Verarbeitung von personenbezogenen Daten entscheidet \u2013 im Zusammenhang mit den Services ist im Sinne der DSGVO<\/p>\n\n\n\n<p>Roth Garten- und Landschaftsbau<br>Hr. Andreas Roth<br>Stettener Str. 32<br>D-71394 Kernen im Remstal<\/p>\n\n\n\n<p>Sofern Sie der Erhebung, Verarbeitung oder Nutzung Ihrer Daten durch uns nach Ma\u00dfgabe dieser Datenschutzbestimmungen insgesamt oder fu\u00a8r einzelne Ma\u00dfnahmen widersprechen wollen, ko\u00a8nnen Sie Ihren Widerspruch an oben genannte verantwortliche Stelle richten.<\/p>\n\n\n\n<p>Sie ko\u00a8nnen diese Datenschutzerkla\u00a8rung jederzeit speichern und ausdrucken.<\/p>\n\n\n\n<p>2 Allgemeine Nutzung der Webseite<\/p>\n\n\n\n<p>2.1 Zugriffsdaten<\/p>\n\n\n\n<p>Wir sammeln Informationen u\u00a8ber Sie, wenn Sie diese Webseite nutzen. Wir erfassen automatisch Informationen u\u00a8ber Ihr Nutzungsverhalten und Ihre Interaktion mit uns und registrieren Daten zu Ihrem Computer oder Mobilgera\u00a8t. Wir erheben, speichern und nutzen Daten u\u00a8ber jeden Zugriff auf unser Onlineangebot (sogenannte Serverlogfiles). Zu den Zugriffsdaten geho\u00a8ren Name und URL der abgerufenen Datei, Datum und Uhrzeit des Abrufs, u\u00a8bertragene Datenmenge, Meldung u\u00a8ber erfolgreichen Abruf (HTTP response code), Browsertyp und Browserversion, Betriebssystem, Referrer URL (d.h. die zuvor besuchte Seite), IP-Adresse und der anfragende Provider.<\/p>\n\n\n\n<p>Wir nutzen diese Protokolldaten ohne Zuordnung zu Ihrer Person oder sonstiger Profilerstellung fu\u00a8r statistische Auswertungen zum Zweck des Betriebs, der Sicherheit und der Optimierung unseres Onlineangebotes, aber auch zur anonymen Erfassung der Anzahl der Besucher auf unserer Webseite (traffic) sowie zu Umfang und zur Art der Nutzung unserer Webseite und Dienste, ebenso zu Abrechnungszwecken, um die Anzahl der von Kooperationspartnern erhaltenen Clicks zu messen. Aufgrund dieser Informationen ko\u00a8nnen wir personalisierte und standortbezogene Inhalte zur Verfu\u00a8gung stellen und den Datenverkehr analysieren, Fehler suchen und beheben und unsere Dienste verbessern. Wir behalten uns vor, die Protokolldaten nachtra\u00a8glich zu u\u00a8berpru\u00a8fen, wenn aufgrund konkreter Anhaltspunkte der berechtigte Verdacht einer rechtswidrigen Nutzung besteht. IP-Adressen speichern wir fu\u00a8r einen begrenzten Zeitraum in den Logfiles, wenn dies fu\u00a8r Sicherheitszwecke erforderlich oder fu\u00a8r die Leistungserbringung oder die Abrechnung einer Leistung no\u00a8tig ist, z. B. wenn Sie eines unserer Angebote nutzen. Nach Abbruch des Vorgangs der Bestellung oder nach Zahlungseingang lo\u00a8schen wir die IP-Adresse, wenn diese fu\u00a8r Sicherheitszwecke nicht mehr erforderlich sind. IP-Adressen speichern wir auch dann, wenn wir den konkreten Verdacht einer Straftat im Zusammenhang mit der Nutzung unserer Website haben. Au\u00dferdem speichern wir als Teil Ihres Accounts das Datum Ihres letzten Besuchs (z.B. bei Registrierung, Login, Klicken von Links etc.).<\/p>\n\n\n\n<p>2.2 E-Mail Kontakt<\/p>\n\n\n\n<p>Wenn Sie mit uns in Kontakt treten (z. B. per Kontaktformular oder E-Mail), speichern wir Ihre Angaben zur Bearbeitung der Anfrage sowie fu\u00a8r den Fall, dass Anschlussfragen entstehen. Weitere personenbezogene Daten speichern und nutzen wir nur, wenn Sie dazu einwilligen oder dies ohne besondere Einwilligung gesetzlich zula\u00a8ssig ist.<\/p>\n\n\n\n<p>2.3 Google Analytics<\/p>\n\n\n\n<p>Wir benutzen Google Analytics, einen Webanalysedienst der Google Inc. (\u201eGoogle\u201c). Google Analytics verwendet sog. \u201eCookies\u201c, Textdateien, die auf Ihrem Computer gespeichert werden und die eine Analyse der Benutzung der Website durch Sie ermo\u00a8glichen. Die durch den Cookie erzeugten Informationen u\u00a8ber Benutzung dieser Website durch die Seitenbesucher werden in der Regel an einen Server von Google in den USA u\u00a8bertragen und dort gespeichert.<\/p>\n\n\n\n<p>Im Falle der Aktivierung der IP-Anonymisierung auf dieser Webseite, wird Ihre IP-Adresse von Google jedoch innerhalb von Mitgliedstaaten der Europa\u00a8ischen Union oder in anderen Vertragsstaaten des Abkommens u\u00a8ber den Europa\u00a8ischen Wirtschaftsraum zuvor geku\u00a8rzt. Nur in Ausnahmefa\u00a8llen wird die volle IP-Adresse an einen Server von Google in den USA u\u00a8bertragen und dort geku\u00a8rzt. Die IP-Anonymisierung ist auf dieser Website aktiv. In unserem Auftrag wird Google diese Informationen benutzen, um die Nutzung der Website durch Sie auszuwerten, um Reports u\u00a8ber die Websiteaktivita\u00a8ten zusammenzustellen und um weitere mit der Websitenutzung und der Internetnutzung verbundene Dienstleistungen uns gegenu\u00a8ber zu erbringen.<\/p>\n\n\n\n<p>Die im Rahmen von Google Analytics von Ihrem Browser u\u00a8bermittelte IP-Adresse wird nicht mit anderen Daten von Google zusammengefu\u00a8hrt. Sie ko\u00a8nnen die Speicherung der Cookies durch eine entsprechende Einstellung Ihrer Browser-Software verhindern; wir weisen Sie jedoch darauf hin, dass Sie in diesem Fall gegebenenfalls nicht sa\u00a8mtliche Funktionen dieser Website vollumfa\u00a8nglich werden nutzen ko\u00a8nnen.<\/p>\n\n\n\n<p>Sie ko\u00a8nnen daru\u00a8ber hinaus die Erfassung der durch das Cookie erzeugten und auf ihre Nutzung der Website bezogenen Daten (inkl. Ihrer IP-Adresse) an Google sowie die Verarbeitung dieser Daten durch Google verhindern, indem Sie das unter dem folgenden Link verfu\u00a8gbare Browser-Plugin herunterladen und installieren:<\/p>\n\n\n\n<p>http:\/\/tools.google.com\/dlpage\/gaoptout?hl=de.<\/p>\n\n\n\n<p>Alternativ zum Browser-Plugin oder innerhalb von Browsern auf mobilen Gera\u00a8ten ko\u00a8nnen Sie auf den folgenden Link klicken, um ein Opt-Out-Cookie zu setzen, der die Erfassung durch Google Analytics innerhalb dieser Website zuku\u00a8nftig verhindert (dieses Opt-Out-Cookie funktioniert nur in diesem Browser und nur fu\u00a8r diese Domain).<\/p>\n\n\n\n<p>2.4 Rechtsgrundlagen und Speicherdauer<\/p>\n\n\n\n<p>Rechtsgrundlage der Datenverarbeitung nach den vorstehenden Ziffern ist Art 6 Abs. 1 Buchstabe f) DSGVO. Unsere Interessen an der Datenverarbeitung sind insbesondere die Sicherstellung des Betriebs und der Sicherheit der Webseite, die Untersuchung der Art und Weise der Nutzung der Webseite durch Besucher, und die Vereinfachung der Nutzung der Webseite.<\/p>\n\n\n\n<p>Sofern nicht spezifisch angegeben speichern wir personenbezogene Daten nur so lange, wie dies zur Erfu\u00a8llung der verfolgten Zwecke notwendig ist.<\/p>\n\n\n\n<p>3 Ihre Rechte als von der Datenverarbeitung Betroffener<\/p>\n\n\n\n<p>Nach den anwendbaren Gesetzen haben Sie verschiedene Rechte bezu\u00a8glich ihrer personenbezogenen Daten. Mo\u00a8chten Sie diese Rechte geltend machen, so richten Sie Ihre Anfrage bitte per E-Mail oder per Post unter eindeutiger Identifizierung Ihrer Person an die in Ziffer 1 genannte Adresse.<\/p>\n\n\n\n<p>Nachfolgend finden Sie eine U\u00a8bersicht u\u00a8ber Ihre Rechte.<\/p>\n\n\n\n<p>3.1 Recht auf Besta\u00a8tigung und Auskunft<\/p>\n\n\n\n<p>Sie haben jederzeit das Recht, von uns eine Besta\u00a8tigung daru\u00a8ber zu erhalten, ob Sie betreffende personenbezogene Daten verarbeitet werden. Ist dies der Fall, so haben Sie das Recht, von uns eine unentgeltliche Auskunft u\u00a8ber die zu Ihnen gespeicherten personenbezogenen Daten nebst einer Kopie dieser Daten zu erlangen. Desweiteren besteht ein Recht auf folgende Informationen:<\/p>\n\n\n\n<p>1.die Verarbeitungszwecke;<\/p>\n\n\n\n<p>2.die Kategorien personenbezogener Daten, die verarbeitet werden;<\/p>\n\n\n\n<p>3.die Empfa\u00a8nger oder Kategorien von Empfa\u00a8ngern, gegenu\u00a8ber denen die<\/p>\n\n\n\n<p>personenbezogenen Daten offengelegt worden sind oder noch offengelegt werden,<\/p>\n\n\n\n<p>insbesondere bei Empfa\u00a8ngern in Drittla\u00a8ndern oder bei internationalen Organisationen;<\/p>\n\n\n\n<p>4.falls mo\u00a8glich die geplante Dauer, fu\u00a8r die die personenbezogenen Daten gespeichert<\/p>\n\n\n\n<p>werden, oder, falls dies nicht mo\u00a8glich ist, die Kriterien fu\u00a8r die Festlegung dieser<\/p>\n\n\n\n<p>Dauer;<\/p>\n\n\n\n<p>5.das Bestehen eines Rechts auf Berichtigung oder Lo\u00a8schung der Sie betreffenden<\/p>\n\n\n\n<p>personenbezogenen Daten oder auf Einschra\u00a8nkung der Verarbeitung durch den<\/p>\n\n\n\n<p>Verantwortlichen oder eines Widerspruchsrechts gegen diese Verarbeitung;<\/p>\n\n\n\n<p>6.das Bestehen eines Beschwerderechts bei einer Aufsichtsbeho\u00a8rde;<\/p>\n\n\n\n<p>7.wenn die personenbezogenen Daten nicht bei Ihnen erhoben werden, alle<\/p>\n\n\n\n<p>verfu\u00a8gbaren Informationen u\u00a8ber die Herkunft der Daten;<\/p>\n\n\n\n<p>8.das Bestehen einer automatisierten Entscheidungsfindung einschlie\u00dflich Profiling<\/p>\n\n\n\n<p>gema\u00a8\u00df Artikel 22 Absa\u00a8tze 1 und 4 DSGVO und \u2013 zumindest in diesen Fa\u00a8llen \u2013 aussagekra\u00a8ftige Informationen u\u00a8ber die involvierte Logik sowie die Tragweite und die angestrebten Auswirkungen einer derartigen Verarbeitung fu\u00a8r Sie.<\/p>\n\n\n\n<p>Werden personenbezogene Daten an ein Drittland oder an eine internationale Organisation u\u00a8bermittelt, so haben Sie das Recht, u\u00a8ber die geeigneten Garantien gema\u00a8\u00df Artikel 46 DSGVO im Zusammenhang mit der U\u00a8bermittlung unterrichtet zu werden.<\/p>\n\n\n\n<p>3.2 Recht auf Berichtigung<\/p>\n\n\n\n<p>Sie haben das Recht, von uns unverzu\u00a8glich die Berichtigung Sie betreffender unrichtiger personenbezogener Daten zu verlangen. Unter Beru\u00a8cksichtigung der Zwecke der haben Sie das Recht, die Vervollsta\u00a8ndigung unvollsta\u00a8ndiger personenbezogener Daten \u2013 auch mittels einer erga\u00a8nzenden Erkla\u00a8rung \u2013 zu verlangen.<\/p>\n\n\n\n<p>3.3 Recht auf Lo\u00a8schung (\u201eRecht auf Vergessenwerden\u201c)<\/p>\n\n\n\n<p>Sie haben das Recht, von uns zu verlangen, dass Sie betreffende personenbezogene Daten unverzu\u00a8glich gelo\u00a8scht werden, und wir sind verpflichtet, personenbezogene Daten unverzu\u00a8glich zu lo\u00a8schen, sofern einer der folgenden Gru\u00a8nde zutrifft:<\/p>\n\n\n\n<p>1.Die personenbezogenen Daten sind fu\u00a8r die Zwecke, fu\u00a8r die sie erhoben oder auf sonstige Weise verarbeitet wurden, nicht mehr notwendig.<\/p>\n\n\n\n<p>2.Sie widerrufen Ihre Einwilligung, auf die sich die Verarbeitung gema\u00a8\u00df Artikel 6 Absatz 1 DSGVO Buchstabe a oder Artikel 9 Absatz 2 Buchstabe a DSGVO stu\u00a8tzte, und es fehlt an einer anderweitigen Rechtsgrundlage fu\u00a8r die Verarbeitung.<\/p>\n\n\n\n<p>3.Sie legen gema\u00a8\u00df Artikel 21 Absatz 1 DSGVO Widerspruch gegen die Verarbeitung ein und es liegen keine vorrangigen berechtigten Gru\u00a8nde fu\u00a8r die Verarbeitung vor, oder Sie legen gema\u00a8\u00df Artikel 21 Absatz 2 DSGVO Widerspruch gegen die Verarbeitung ein.<\/p>\n\n\n\n<p>4.Die personenbezogenen Daten wurden unrechtma\u00a8\u00dfig verarbeitet.<\/p>\n\n\n\n<p>5.Die Lo\u00a8schung der personenbezogenen Daten ist zur Erfu\u00a8llung einer rechtlichen Verpflichtung nach dem Unionsrecht oder dem Recht der Mitgliedstaaten erforderlich, dem wir unterliegen.<\/p>\n\n\n\n<p>6.Die personenbezogenen Daten wurden in Bezug auf angebotene Dienste der Informationsgesellschaft gema\u00a8\u00df Artikel 8 Absatz 1 DSGVO erhoben.<\/p>\n\n\n\n<p>Haben wir die personenbezogenen Daten o\u00a8ffentlich gemacht und sind wir gema\u00a8\u00df zu deren Lo\u00a8schung verpflichtet, so treffen wir unter Beru\u00a8cksichtigung der verfu\u00a8gbaren Technologie und der Implementierungskosten angemessene Ma\u00dfnahmen, auch technischer Art, um fu\u00a8r die Datenverarbeitung Verantwortliche, die die personenbezogenen Daten verarbeiten, daru\u00a8ber zu informieren, dass Sie von ihnen die Lo\u00a8schung aller Links zu diesen personenbezogenen Daten oder von Kopien oder Replikationen dieser personenbezogenen Daten verlangt hat.<\/p>\n\n\n\n<p>3.4 Recht auf Einschra\u00a8nkung der Verarbeitung<\/p>\n\n\n\n<p>Sie haben das Recht, von uns die Einschra\u00a8nkung der Verarbeitung zu verlangen, wenn eine der folgenden Voraussetzungen gegeben ist:<\/p>\n\n\n\n<p>3.5<\/p>\n\n\n\n<p>1.<\/p>\n\n\n\n<p>2.<\/p>\n\n\n\n<p>3.<\/p>\n\n\n\n<p>4.<\/p>\n\n\n\n<p>die Richtigkeit der personenbezogenen Daten wird von Ihnen bestritten, und zwar fu\u00a8r eine Dauer, die es uns ermo\u00a8glicht, die Richtigkeit der personenbezogenen Daten zu u\u00a8berpru\u00a8fen,<br>die Verarbeitung unrechtma\u00a8\u00dfig ist und Sie die Lo\u00a8schung der personenbezogenen Daten ablehntenund stattdessen die Einschra\u00a8nkung der Nutzung der personenbezogenen Daten verlangt;<\/p>\n\n\n\n<p>wir die personenbezogenen Daten fu\u00a8r die Zwecke der Verarbeitung nicht la\u00a8nger beno\u00a8tigen, Sie die Daten jedoch zur Geltendmachung, Ausu\u00a8bung oder Verteidigung von Rechtsanspru\u00a8chen beno\u00a8tigten, oder<br>Sie Widerspruch gegen die Verarbeitung gema\u00a8\u00df Artikel 21 Absatz 1 DSGVO eingelegt haben, solange noch nicht feststeht, ob die berechtigten Gru\u00a8nde unseres Unternehmens gegenu\u00a8ber den Ihren u\u00a8berwiegen.<\/p>\n\n\n\n<p>Recht auf Datenu\u00a8bertragbarkeit<\/p>\n\n\n\n<p>Sie haben das Recht, die Sie betreffenden personenbezogenen Daten, die uns bereitgestellt haben, in einem strukturierten, ga\u00a8ngigen und maschinenlesbaren Format zu erhalten, und Sie haben das Recht, diese Daten einem anderen Verantwortlichen ohne Behinderung durch uns zu u\u00a8bermitteln, sofern<\/p>\n\n\n\n<p>1. die Verarbeitung auf einer Einwilligung gema\u00a8\u00df Artikel 6 Absatz 1 Buchstabe a DSGVO oder Artikel 9 Absatz 2 Buchstabe a DSGVO oder auf einem Vertrag gema\u00a8\u00df Artikel 6 Absatz 1 Buchstabe b DSGVO beruht und<\/p>\n\n\n\n<p>2. die Verarbeitung mithilfe automatisierter Verfahren erfolgt.<\/p>\n\n\n\n<p>Bei der Ausu\u00a8bung ihres Rechts auf Datenu\u00a8bertragbarkeit gema\u00a8\u00df Absatz 1 haben Sie das Recht, zu erwirken, dass die personenbezogenen Daten direkt von uns einem anderen Verantwortlichen u\u00a8bermittelt werden, soweit dies technisch machbar ist.<\/p>\n\n\n\n<p>3.6 Widerspruchsrecht<\/p>\n\n\n\n<p>Sie haben das Recht, aus Gru\u00a8nden, die sich aus Ihrer besonderen Situation ergeben, jederzeit gegen die Verarbeitung sie betreffender personenbezogener Daten, die aufgrund von Artikel 6 Absatz 1 Buchstaben e oder f DSGVO erfolgt, Widerspruch einzulegen; dies gilt auch fu\u00a8r ein auf diese Bestimmungen gestu\u00a8tztes Profiling. Wir verarbeiten die personenbezogenen Daten nicht mehr, es sei denn, wir ko\u00a8nnen zwingende schutzwu\u00a8rdige Gru\u00a8nde fu\u00a8r die Verarbeitung nachweisen, die Ihre Interessen, Rechte und Freiheiten u\u00a8berwiegen, oder die Verarbeitung dient der Geltendmachung, Ausu\u00a8bung oder Verteidigung von Rechtsanspru\u00a8chen.<\/p>\n\n\n\n<p>Werden personenbezogene Daten von uns verarbeitet, um Direktwerbung zu betreiben, so haben Sie das Recht, jederzeit Widerspruch gegen die Verarbeitung Sie betreffender personenbezogener Daten zum Zwecke derartiger Werbung einzulegen; dies gilt auch fu\u00a8r das Profiling, soweit es mit solcher Direktwerbung in Verbindung steht.<\/p>\n\n\n\n<p>Sie haben das Recht, aus Gru\u00a8nden, die sich aus Ihrer besonderen Situation ergeben, gegen die Sie betreffende Verarbeitung sie betreffender personenbezogener Daten, die zu wissenschaftlichen oder historischen Forschungszwecken oder zu statistischen Zwecken gema\u00a8\u00df Artikel 89 Absatz 1 DSGVO erfolgt, Widerspruch einzulegen, es sei denn, die Verarbeitung ist zur Erfu\u00a8llung einer im o\u00a8ffentlichen Interesse liegenden Aufgabe erforderlich.<\/p>\n\n\n\n<p>3.7 Automatisierte Entscheidungen einschlie\u00dflich Profiling<\/p>\n\n\n\n<p>Sie haben das Recht, nicht einer ausschlie\u00dflich auf einer automatisierten Verarbeitung \u2013 einschlie\u00dflich Profiling \u2013 beruhenden Entscheidung unterworfen zu werden, die Ihnen gegenu\u00a8ber rechtliche Wirkung entfaltet oder Sie in a\u00a8hnlicher Weise erheblich beeintra\u00a8chtigt.<\/p>\n\n\n\n<p>3.8 Recht auf Widerruf einer datenschutzrechtlichen Einwilligung<\/p>\n\n\n\n<p>Sie haben das Recht, eine Einwilligung zur Verarbeitung personenbezogener Daten jederzeit zu widerrufen.<\/p>\n\n\n\n<p>3.9 Recht auf Beschwerde bei einer Aufsichtsbeho\u00a8rde<\/p>\n\n\n\n<p>Sie haben das Recht auf Beschwerde bei einer Aufsichtsbeho\u00a8rde, insbesondere in dem Mitgliedstaat ihres Aufenthaltsorts, ihres Arbeitsplatzes oder des Orts des mutma\u00dflichen Versto\u00dfes, Sie der Ansicht sind, dass die Verarbeitung der Sie betreffenden personenbezogenen Daten rechtswidrig ist.<\/p>\n\n\n\n<p>4 Datensicherheit<\/p>\n\n\n\n<p>Wir sind um die Sicherheit Ihrer Daten im Rahmen der geltenden Datenschutzgesetze und technischen Mo\u00a8glichkeiten maximal bemu\u00a8ht.<\/p>\n\n\n\n<p>Ihre perso\u00a8nlichen Daten werden bei uns verschlu\u00a8sselt u\u00a8bertragen. Dies gilt fu\u00a8r Ihre Bestellungen und auch fu\u00a8r das Kundenlogin. Wir nutzen das Codierungssystems SSL (Secure Socket Layer), weisen jedoch darauf hin, dass die Datenu\u00a8bertragung im Internet (z.B. bei der Kommunikation per E-Mail) Sicherheitslu\u00a8cken aufweisen kann. Ein lu\u00a8ckenloser Schutz der Daten vor dem Zugriff durch Dritte ist nicht mo\u00a8glich.<\/p>\n\n\n\n<p>Zur Sicherung Ihrer Daten unterhalten wir technische- und organisatorische Sicherungsma\u00dfnahmen, die wir immer wieder dem Stand der Technik anpassen.<\/p>\n\n\n\n<p>Wir gewa\u00a8hrleisten au\u00dferdem nicht, dass unser Angebot zu bestimmten Zeiten zur Verfu\u00a8gung steht; Sto\u00a8rungen, Unterbrechungen oder Ausfa\u00a8lle ko\u00a8nnen nicht ausgeschlossen werden. Die von uns verwendeten Server werden regelma\u00a8\u00dfig sorgfa\u00a8ltig gesichert.<\/p>\n\n\n\n<p>5 Automatisierte Entscheidungsfindung<\/p>\n\n\n\n<p>Eine automatisierte Entscheidungsfindung auf der Grundlage der erhobenen personenbezogenen Daten findet nicht statt.<\/p>\n\n\n\n<p>6 Weitergabe von Daten an Dritte, Keine Datenu\u00a8bertragung ins Nicht-EU-Ausland<\/p>\n\n\n\n<p>Grundsa\u00a8tzlich verwenden wir Ihre personenbezogenen Daten nur innerhalb unseres Unternehmens.<\/p>\n\n\n\n<p>Wenn und soweit wir Dritte im Rahmen der Erfu\u00a8llung von Vertra\u00a8gen einschalten (etwa Subunternehmer) erhalten diese personenbezogene Daten nur in dem Umfang, in welchem die U\u00a8bermittlung fu\u00a8r die entsprechende Leistung erforderlich ist.<\/p>\n\n\n\n<p>Fu\u00a8r den Fall, dass wir bestimmte Teile der Datenverarbeitung auslagern (\u201eAuftragsverarbeitung\u201c), verpflichten wir Auftragsverarbeiter vertraglich dazu, personenbezogene Daten nur im Einklang mit den Anforderungen der Datenschutzgesetze zu verwenden und den Schutz der Rechte der betroffenen Person zu gewa\u00a8hrleisten.<\/p>\n\n\n\n<p>Eine Datenu\u00a8bertragung an Stellen oder Personen au\u00dferhalb der EU au\u00dferhalb der in dieser Erkla\u00a8rung in Punkt 2.3 genannten Fa\u00a8llen findet nicht statt und ist nicht geplant.<\/p>\n\n\n\n<p>7 Datenschutzbeauftragter: Hr. Andreas Roth<\/p>\n","protected":false},"excerpt":{"rendered":"<p>Datenschutzerkl\u00e4rung Roth Garten- und Landschaftsbau Es&nbsp; gelten europaweit die Vorgaben der EU-Datenschutz-Grundverordnung (im Folgenden DSGVO). Wir m\u00f6chten Sie \u00fcber die durchunser Unternehmen durchgef\u00fchrte Verarbeitung personenbezogener Daten nach Ma\u00dfgabe [&hellip;]<\/p>\n","protected":false},"author":1,"featured_media":0,"parent":0,"menu_order":10,"comment_status":"closed","ping_status":"closed","template":"","meta":{"footnotes":""},"class_list":["post-25","page","type-page","status-publish","hentry"],"_links":{"self":[{"href":"https:\/\/rothgartenbau.de\/index.php\/wp-json\/wp\/v2\/pages\/25","targetHints":{"allow":["GET"]}}],"collection":[{"href":"https:\/\/rothgartenbau.de\/index.php\/wp-json\/wp\/v2\/pages"}],"about":[{"href":"https:\/\/rothgartenbau.de\/index.php\/wp-json\/wp\/v2\/types\/page"}],"author":[{"embeddable":true,"href":"https:\/\/rothgartenbau.de\/index.php\/wp-json\/wp\/v2\/users\/1"}],"replies":[{"embeddable":true,"href":"https:\/\/rothgartenbau.de\/index.php\/wp-json\/wp\/v2\/comments?post=25"}],"version-history":[{"count":1,"href":"https:\/\/rothgartenbau.de\/index.php\/wp-json\/wp\/v2\/pages\/25\/revisions"}],"predecessor-version":[{"id":26,"href":"https:\/\/rothgartenbau.de\/index.php\/wp-json\/wp\/v2\/pages\/25\/revisions\/26"}],"wp:attachment":[{"href":"https:\/\/rothgartenbau.de\/index.php\/wp-json\/wp\/v2\/media?parent=25"}],"curies":[{"name":"wp","href":"https:\/\/api.w.org\/{rel}","templated":true}]}}